{"id":1608,"date":"2022-03-17T19:04:00","date_gmt":"2022-03-17T18:04:00","guid":{"rendered":"http:\/\/lemetalleuxgeek.com\/?page_id=1608"},"modified":"2024-01-29T10:07:53","modified_gmt":"2024-01-29T09:07:53","slug":"borne-to-be-arcade","status":"publish","type":"page","link":"https:\/\/lemetalleuxgeek.com\/index.php\/borne-to-be-arcade\/","title":{"rendered":"Borne to be Arcade"},"content":{"rendered":"\n<p>Le M\u00e9talleux Geek vous pr\u00e9sente sa s\u00e9lection de Jeux d&#8217;Arcade !<\/p>\n\n\n\n<figure class=\"wp-block-embed is-type-wp-embed is-provider-le-metalleux-geek wp-block-embed-le-metalleux-geek\"><div class=\"wp-block-embed__wrapper\">\n<blockquote class=\"wp-embedded-content\" data-secret=\"pV5ZeP2mEm\"><a href=\"https:\/\/lemetalleuxgeek.com\/index.php\/2024\/01\/29\/meilleurs-que-mario-kart-en-arcade-borne-to-be-arcade\/\">Meilleurs que MARIO KART en ARCADE ? | Borne To Be Arcade<\/a><\/blockquote><iframe loading=\"lazy\" class=\"wp-embedded-content\" sandbox=\"allow-scripts\" security=\"restricted\" style=\"position: absolute; clip: rect(1px, 1px, 1px, 1px);\" title=\"\u00ab\u00a0Meilleurs que MARIO KART en ARCADE ? | Borne To Be Arcade\u00a0\u00bb &#8212; LE METALLEUX GEEK\" src=\"https:\/\/lemetalleuxgeek.com\/index.php\/2024\/01\/29\/meilleurs-que-mario-kart-en-arcade-borne-to-be-arcade\/embed\/#?secret=pV5ZeP2mEm\" data-secret=\"pV5ZeP2mEm\" width=\"600\" height=\"338\" frameborder=\"0\" marginwidth=\"0\" marginheight=\"0\" scrolling=\"no\"><\/iframe>\n<\/div><\/figure>\n\n\n\n<figure class=\"wp-block-embed is-type-wp-embed is-provider-le-metalleux-geek wp-block-embed-le-metalleux-geek\"><div class=\"wp-block-embed__wrapper\">\n<blockquote class=\"wp-embedded-content\" data-secret=\"Hdp50AljXG\"><a href=\"https:\/\/lemetalleuxgeek.com\/index.php\/2023\/11\/30\/mario-kart-dans-les-salles-darcade-borne-to-be-arcade\/\">Mario Kart dans les salles d&rsquo;arcade | Borne To Be Arcade<\/a><\/blockquote><iframe loading=\"lazy\" class=\"wp-embedded-content\" sandbox=\"allow-scripts\" security=\"restricted\" style=\"position: absolute; clip: rect(1px, 1px, 1px, 1px);\" title=\"\u00ab\u00a0Mario Kart dans les salles d&rsquo;arcade | Borne To Be Arcade\u00a0\u00bb &#8212; LE METALLEUX GEEK\" src=\"https:\/\/lemetalleuxgeek.com\/index.php\/2023\/11\/30\/mario-kart-dans-les-salles-darcade-borne-to-be-arcade\/embed\/#?secret=Hdp50AljXG\" data-secret=\"Hdp50AljXG\" width=\"600\" height=\"338\" frameborder=\"0\" marginwidth=\"0\" marginheight=\"0\" scrolling=\"no\"><\/iframe>\n<\/div><\/figure>\n\n\n\n<figure class=\"wp-block-embed is-type-wp-embed is-provider-le-metalleux-geek wp-block-embed-le-metalleux-geek\"><div class=\"wp-block-embed__wrapper\">\n<blockquote class=\"wp-embedded-content\" data-secret=\"7MKjhQw3rQ\"><a href=\"http:\/\/lemetalleuxgeek.com\/index.php\/2023\/01\/24\/une-vraie-salle-darcade-dans-le-sud-de-la-france-borne-to-be-arcade\/\">Une VRAIE salle d&rsquo;ARCADE dans le Sud de la France | Borne To Be Arcade<\/a><\/blockquote><iframe loading=\"lazy\" class=\"wp-embedded-content\" sandbox=\"allow-scripts\" security=\"restricted\" style=\"position: absolute; clip: rect(1px, 1px, 1px, 1px);\" title=\"\u00ab\u00a0Une VRAIE salle d&rsquo;ARCADE dans le Sud de la France | Borne To Be Arcade\u00a0\u00bb &#8212; LE METALLEUX GEEK\" src=\"http:\/\/lemetalleuxgeek.com\/index.php\/2023\/01\/24\/une-vraie-salle-darcade-dans-le-sud-de-la-france-borne-to-be-arcade\/embed\/#?secret=7MKjhQw3rQ\" data-secret=\"7MKjhQw3rQ\" width=\"600\" height=\"338\" frameborder=\"0\" marginwidth=\"0\" marginheight=\"0\" scrolling=\"no\"><\/iframe>\n<\/div><\/figure>\n\n\n\n<figure class=\"wp-block-embed is-type-wp-embed is-provider-le-metalleux-geek wp-block-embed-le-metalleux-geek\"><div class=\"wp-block-embed__wrapper\">\n<blockquote class=\"wp-embedded-content\" data-secret=\"baUChQRGud\"><a href=\"http:\/\/lemetalleuxgeek.com\/index.php\/2022\/07\/26\/sega-rally-championship-borne-to-be-arcade\/\">Sega Rally Championship | Borne To Be Arcade<\/a><\/blockquote><iframe loading=\"lazy\" class=\"wp-embedded-content\" sandbox=\"allow-scripts\" security=\"restricted\" style=\"position: absolute; clip: rect(1px, 1px, 1px, 1px);\" title=\"\u00ab\u00a0Sega Rally Championship | Borne To Be Arcade\u00a0\u00bb &#8212; LE METALLEUX GEEK\" src=\"http:\/\/lemetalleuxgeek.com\/index.php\/2022\/07\/26\/sega-rally-championship-borne-to-be-arcade\/embed\/#?secret=baUChQRGud\" data-secret=\"baUChQRGud\" width=\"600\" height=\"338\" frameborder=\"0\" marginwidth=\"0\" marginheight=\"0\" scrolling=\"no\"><\/iframe>\n<\/div><\/figure>\n\n\n\n<figure class=\"wp-block-embed is-type-wp-embed is-provider-le-metalleux-geek wp-block-embed-le-metalleux-geek\"><div class=\"wp-block-embed__wrapper\">\n<blockquote class=\"wp-embedded-content\" data-secret=\"E3lbHhVSSW\"><a href=\"http:\/\/lemetalleuxgeek.com\/index.php\/2022\/03\/17\/des-meufs-en-bikini-et-des-grosses-voitures-aux-usa-borne-to-be-arcade\/\">Des meufs en BIKINI et des grosses voitures aux USA | Borne To Be Arcade<\/a><\/blockquote><iframe loading=\"lazy\" class=\"wp-embedded-content\" sandbox=\"allow-scripts\" security=\"restricted\" style=\"position: absolute; clip: rect(1px, 1px, 1px, 1px);\" title=\"\u00ab\u00a0Des meufs en BIKINI et des grosses voitures aux USA | Borne To Be Arcade\u00a0\u00bb &#8212; LE METALLEUX GEEK\" src=\"http:\/\/lemetalleuxgeek.com\/index.php\/2022\/03\/17\/des-meufs-en-bikini-et-des-grosses-voitures-aux-usa-borne-to-be-arcade\/embed\/#?secret=E3lbHhVSSW\" data-secret=\"E3lbHhVSSW\" width=\"600\" height=\"338\" frameborder=\"0\" marginwidth=\"0\" marginheight=\"0\" scrolling=\"no\"><\/iframe>\n<\/div><\/figure>\n\n\n\n<p><\/p>\n\n\n\n<p><\/p>\n","protected":false},"excerpt":{"rendered":"<p>Le M\u00e9talleux Geek vous pr\u00e9sente sa s\u00e9lection de Jeux d&#8217;Arcade !<\/p>\n","protected":false},"author":2,"featured_media":0,"parent":0,"menu_order":0,"comment_status":"closed","ping_status":"closed","template":"","meta":{"footnotes":""},"class_list":["post-1608","page","type-page","status-publish","hentry"],"_links":{"self":[{"href":"https:\/\/lemetalleuxgeek.com\/index.php\/wp-json\/wp\/v2\/pages\/1608","targetHints":{"allow":["GET"]}}],"collection":[{"href":"https:\/\/lemetalleuxgeek.com\/index.php\/wp-json\/wp\/v2\/pages"}],"about":[{"href":"https:\/\/lemetalleuxgeek.com\/index.php\/wp-json\/wp\/v2\/types\/page"}],"author":[{"embeddable":true,"href":"https:\/\/lemetalleuxgeek.com\/index.php\/wp-json\/wp\/v2\/users\/2"}],"replies":[{"embeddable":true,"href":"https:\/\/lemetalleuxgeek.com\/index.php\/wp-json\/wp\/v2\/comments?post=1608"}],"version-history":[{"count":5,"href":"https:\/\/lemetalleuxgeek.com\/index.php\/wp-json\/wp\/v2\/pages\/1608\/revisions"}],"predecessor-version":[{"id":1995,"href":"https:\/\/lemetalleuxgeek.com\/index.php\/wp-json\/wp\/v2\/pages\/1608\/revisions\/1995"}],"wp:attachment":[{"href":"https:\/\/lemetalleuxgeek.com\/index.php\/wp-json\/wp\/v2\/media?parent=1608"}],"curies":[{"name":"wp","href":"https:\/\/api.w.org\/{rel}","templated":true}]}}