{"id":127,"date":"2020-10-27T18:12:09","date_gmt":"2020-10-27T17:12:09","guid":{"rendered":"http:\/\/lemetalleuxgeek.com\/?page_id=127"},"modified":"2020-10-31T16:13:00","modified_gmt":"2020-10-31T15:13:00","slug":"films","status":"publish","type":"page","link":"https:\/\/lemetalleuxgeek.com\/index.php\/films\/","title":{"rendered":"FILMS"},"content":{"rendered":"\n<p class=\"has-text-align-center\">&#8220;Le M\u00e9talleux Geek&#8221; est le personnage principal de ses films d&#8217;actions \u00e9ponymes, tr\u00e8s r\u00e9f\u00e9renc\u00e9s aux jeux vid\u00e9o et au paysage culturel geek en g\u00e9n\u00e9ral. Vous retrouverez sur ce site toutes les informations \u00e0 propos de la saga ainsi que tout ce que vous pourrez visionner en streaming.<\/p>\n\n\n\n<figure class=\"wp-block-image size-large\"><img loading=\"lazy\" decoding=\"async\" width=\"1024\" height=\"655\" src=\"http:\/\/lemetalleuxgeek.com\/wp-content\/uploads\/2020\/10\/ImageTeasing_00000-1024x655.jpg\" alt=\"\" class=\"wp-image-512\" srcset=\"https:\/\/lemetalleuxgeek.com\/wp-content\/uploads\/2020\/10\/ImageTeasing_00000-1024x655.jpg 1024w, https:\/\/lemetalleuxgeek.com\/wp-content\/uploads\/2020\/10\/ImageTeasing_00000-300x192.jpg 300w, https:\/\/lemetalleuxgeek.com\/wp-content\/uploads\/2020\/10\/ImageTeasing_00000-768x492.jpg 768w, https:\/\/lemetalleuxgeek.com\/wp-content\/uploads\/2020\/10\/ImageTeasing_00000-1536x983.jpg 1536w, https:\/\/lemetalleuxgeek.com\/wp-content\/uploads\/2020\/10\/ImageTeasing_00000-2048x1311.jpg 2048w, https:\/\/lemetalleuxgeek.com\/wp-content\/uploads\/2020\/10\/ImageTeasing_00000-94x60.jpg 94w\" sizes=\"auto, (max-width: 1024px) 100vw, 1024px\" \/><\/figure>\n","protected":false},"excerpt":{"rendered":"<p>&#8220;Le M\u00e9talleux Geek&#8221; est le personnage principal de ses films d&#8217;actions \u00e9ponymes, tr\u00e8s r\u00e9f\u00e9renc\u00e9s aux jeux vid\u00e9o et au paysage culturel geek en g\u00e9n\u00e9ral. Vous retrouverez sur ce site toutes les informations \u00e0 propos de la saga ainsi que tout ce que vous pourrez visionner en streaming.<\/p>\n","protected":false},"author":1,"featured_media":0,"parent":0,"menu_order":0,"comment_status":"closed","ping_status":"closed","template":"","meta":{"footnotes":""},"class_list":["post-127","page","type-page","status-publish","hentry"],"_links":{"self":[{"href":"https:\/\/lemetalleuxgeek.com\/index.php\/wp-json\/wp\/v2\/pages\/127","targetHints":{"allow":["GET"]}}],"collection":[{"href":"https:\/\/lemetalleuxgeek.com\/index.php\/wp-json\/wp\/v2\/pages"}],"about":[{"href":"https:\/\/lemetalleuxgeek.com\/index.php\/wp-json\/wp\/v2\/types\/page"}],"author":[{"embeddable":true,"href":"https:\/\/lemetalleuxgeek.com\/index.php\/wp-json\/wp\/v2\/users\/1"}],"replies":[{"embeddable":true,"href":"https:\/\/lemetalleuxgeek.com\/index.php\/wp-json\/wp\/v2\/comments?post=127"}],"version-history":[{"count":3,"href":"https:\/\/lemetalleuxgeek.com\/index.php\/wp-json\/wp\/v2\/pages\/127\/revisions"}],"predecessor-version":[{"id":517,"href":"https:\/\/lemetalleuxgeek.com\/index.php\/wp-json\/wp\/v2\/pages\/127\/revisions\/517"}],"wp:attachment":[{"href":"https:\/\/lemetalleuxgeek.com\/index.php\/wp-json\/wp\/v2\/media?parent=127"}],"curies":[{"name":"wp","href":"https:\/\/api.w.org\/{rel}","templated":true}]}}