{"id":114,"date":"2020-10-27T18:05:51","date_gmt":"2020-10-27T17:05:51","guid":{"rendered":"http:\/\/lemetalleuxgeek.com\/?page_id=114"},"modified":"2021-04-18T10:09:05","modified_gmt":"2021-04-18T08:09:05","slug":"le-defi-des-gamers","status":"publish","type":"page","link":"https:\/\/lemetalleuxgeek.com\/index.php\/le-defi-des-gamers\/","title":{"rendered":"Le D\u00e9fi des Gamers"},"content":{"rendered":"\n<p>Le D\u00e9fi des Gamers est une \u00e9mission pr\u00e9sent\u00e9e par Le M\u00e9talleux Geek dans laquelle deux invit\u00e9s de la cha\u00eene Youtube s&#8217;affronte sur un jeu vid\u00e9o\u2026 de fa\u00e7on parfois assez atypique !<br><\/p>\n\n\n\n<figure class=\"wp-block-embed aligncenter is-type-wp-embed is-provider-le-metalleux-geek wp-block-embed-le-metalleux-geek\"><div class=\"wp-block-embed__wrapper\">\n<blockquote class=\"wp-embedded-content\" data-secret=\"rZGxi03OUR\"><a href=\"http:\/\/lemetalleuxgeek.com\/index.php\/2020\/10\/28\/street-dance-fighter\/\">STREET DANCE FIGHTER<\/a><\/blockquote><iframe loading=\"lazy\" class=\"wp-embedded-content\" sandbox=\"allow-scripts\" security=\"restricted\" style=\"position: absolute; clip: rect(1px, 1px, 1px, 1px);\" title=\"\u00ab\u00a0STREET DANCE FIGHTER\u00a0\u00bb &#8212; LE METALLEUX GEEK\" src=\"http:\/\/lemetalleuxgeek.com\/index.php\/2020\/10\/28\/street-dance-fighter\/embed\/#?secret=rZGxi03OUR\" data-secret=\"rZGxi03OUR\" width=\"600\" height=\"338\" frameborder=\"0\" marginwidth=\"0\" marginheight=\"0\" scrolling=\"no\"><\/iframe>\n<\/div><\/figure>\n\n\n\n<figure class=\"wp-block-embed aligncenter is-type-wp-embed is-provider-le-metalleux-geek wp-block-embed-le-metalleux-geek\"><div class=\"wp-block-embed__wrapper\">\n<blockquote class=\"wp-embedded-content\" data-secret=\"202OQmk2lo\"><a href=\"http:\/\/lemetalleuxgeek.com\/index.php\/2020\/10\/28\/la-meilleur-chevre\/\">La meilleur ch\u00e9vre<\/a><\/blockquote><iframe loading=\"lazy\" class=\"wp-embedded-content\" sandbox=\"allow-scripts\" security=\"restricted\" style=\"position: absolute; clip: rect(1px, 1px, 1px, 1px);\" title=\"\u00ab\u00a0La meilleur ch\u00e9vre\u00a0\u00bb &#8212; LE METALLEUX GEEK\" src=\"http:\/\/lemetalleuxgeek.com\/index.php\/2020\/10\/28\/la-meilleur-chevre\/embed\/#?secret=202OQmk2lo\" data-secret=\"202OQmk2lo\" width=\"600\" height=\"338\" frameborder=\"0\" marginwidth=\"0\" marginheight=\"0\" scrolling=\"no\"><\/iframe>\n<\/div><\/figure>\n\n\n\n<figure class=\"wp-block-embed is-type-wp-embed is-provider-le-metalleux-geek wp-block-embed-le-metalleux-geek\"><div class=\"wp-block-embed__wrapper\">\n<blockquote class=\"wp-embedded-content\" data-secret=\"e81sy2iQOx\"><a href=\"http:\/\/lemetalleuxgeek.com\/index.php\/2020\/10\/28\/le-cocktail-du-perdant\/\">Le cocktail du perdant<\/a><\/blockquote><iframe loading=\"lazy\" class=\"wp-embedded-content\" sandbox=\"allow-scripts\" security=\"restricted\" style=\"position: absolute; clip: rect(1px, 1px, 1px, 1px);\" title=\"\u00ab\u00a0Le cocktail du perdant\u00a0\u00bb &#8212; LE METALLEUX GEEK\" src=\"http:\/\/lemetalleuxgeek.com\/index.php\/2020\/10\/28\/le-cocktail-du-perdant\/embed\/#?secret=e81sy2iQOx\" data-secret=\"e81sy2iQOx\" width=\"600\" height=\"338\" frameborder=\"0\" marginwidth=\"0\" marginheight=\"0\" scrolling=\"no\"><\/iframe>\n<\/div><\/figure>\n\n\n\n<figure class=\"wp-block-embed is-type-wp-embed is-provider-le-metalleux-geek wp-block-embed-le-metalleux-geek\"><div class=\"wp-block-embed__wrapper\">\n<blockquote class=\"wp-embedded-content\" data-secret=\"QDO4fHmGMA\"><a href=\"http:\/\/lemetalleuxgeek.com\/index.php\/2020\/10\/28\/rencontre-a-green-hill\/\">Rencontre a Green Hill<\/a><\/blockquote><iframe loading=\"lazy\" class=\"wp-embedded-content\" sandbox=\"allow-scripts\" security=\"restricted\" style=\"position: absolute; clip: rect(1px, 1px, 1px, 1px);\" title=\"\u00ab\u00a0Rencontre a Green Hill\u00a0\u00bb &#8212; LE METALLEUX GEEK\" src=\"http:\/\/lemetalleuxgeek.com\/index.php\/2020\/10\/28\/rencontre-a-green-hill\/embed\/#?secret=QDO4fHmGMA\" data-secret=\"QDO4fHmGMA\" width=\"600\" height=\"338\" frameborder=\"0\" marginwidth=\"0\" marginheight=\"0\" scrolling=\"no\"><\/iframe>\n<\/div><\/figure>\n\n\n\n<figure class=\"wp-block-embed is-type-wp-embed is-provider-le-metalleux-geek wp-block-embed-le-metalleux-geek\"><div class=\"wp-block-embed__wrapper\">\n<blockquote class=\"wp-embedded-content\" data-secret=\"cLFRaPqSWM\"><a href=\"http:\/\/lemetalleuxgeek.com\/index.php\/2020\/10\/28\/le-defis-red-dead-redemption\/\">Le Defis Red Dead Redemption!<\/a><\/blockquote><iframe loading=\"lazy\" class=\"wp-embedded-content\" sandbox=\"allow-scripts\" security=\"restricted\" style=\"position: absolute; clip: rect(1px, 1px, 1px, 1px);\" title=\"\u00ab\u00a0Le Defis Red Dead Redemption!\u00a0\u00bb &#8212; LE METALLEUX GEEK\" src=\"http:\/\/lemetalleuxgeek.com\/index.php\/2020\/10\/28\/le-defis-red-dead-redemption\/embed\/#?secret=cLFRaPqSWM\" data-secret=\"cLFRaPqSWM\" width=\"600\" height=\"338\" frameborder=\"0\" marginwidth=\"0\" marginheight=\"0\" scrolling=\"no\"><\/iframe>\n<\/div><\/figure>\n\n\n\n<figure class=\"wp-block-embed is-type-wp-embed is-provider-le-metalleux-geek wp-block-embed-le-metalleux-geek\"><div class=\"wp-block-embed__wrapper\">\n<blockquote class=\"wp-embedded-content\" data-secret=\"GgT2QqFajM\"><a href=\"http:\/\/lemetalleuxgeek.com\/index.php\/2020\/10\/28\/sonic-vs-knuckles\/\">Sonic VS Knuckles<\/a><\/blockquote><iframe loading=\"lazy\" class=\"wp-embedded-content\" sandbox=\"allow-scripts\" security=\"restricted\" style=\"position: absolute; clip: rect(1px, 1px, 1px, 1px);\" title=\"\u00ab\u00a0Sonic VS Knuckles\u00a0\u00bb &#8212; LE METALLEUX GEEK\" src=\"http:\/\/lemetalleuxgeek.com\/index.php\/2020\/10\/28\/sonic-vs-knuckles\/embed\/#?secret=GgT2QqFajM\" data-secret=\"GgT2QqFajM\" width=\"600\" height=\"338\" frameborder=\"0\" marginwidth=\"0\" marginheight=\"0\" scrolling=\"no\"><\/iframe>\n<\/div><\/figure>\n\n\n\n<figure class=\"wp-block-embed is-type-wp-embed is-provider-le-metalleux-geek wp-block-embed-le-metalleux-geek\"><div class=\"wp-block-embed__wrapper\">\n<blockquote class=\"wp-embedded-content\" data-secret=\"JMilgGV8OK\"><a href=\"http:\/\/lemetalleuxgeek.com\/index.php\/2020\/10\/28\/sega-rally-championship\/\">Sega Rally Championship<\/a><\/blockquote><iframe loading=\"lazy\" class=\"wp-embedded-content\" sandbox=\"allow-scripts\" security=\"restricted\" style=\"position: absolute; clip: rect(1px, 1px, 1px, 1px);\" title=\"\u00ab\u00a0Sega Rally Championship\u00a0\u00bb &#8212; LE METALLEUX GEEK\" src=\"http:\/\/lemetalleuxgeek.com\/index.php\/2020\/10\/28\/sega-rally-championship\/embed\/#?secret=JMilgGV8OK\" data-secret=\"JMilgGV8OK\" width=\"600\" height=\"338\" frameborder=\"0\" marginwidth=\"0\" marginheight=\"0\" scrolling=\"no\"><\/iframe>\n<\/div><\/figure>\n\n\n\n<figure class=\"wp-block-embed is-type-wp-embed is-provider-le-metalleux-geek wp-block-embed-le-metalleux-geek\"><div class=\"wp-block-embed__wrapper\">\n<blockquote class=\"wp-embedded-content\" data-secret=\"wgAysYi3x1\"><a href=\"http:\/\/lemetalleuxgeek.com\/index.php\/2020\/10\/28\/mario-kart\/\">Mario Kart<\/a><\/blockquote><iframe loading=\"lazy\" class=\"wp-embedded-content\" sandbox=\"allow-scripts\" security=\"restricted\" style=\"position: absolute; clip: rect(1px, 1px, 1px, 1px);\" title=\"\u00ab\u00a0Mario Kart\u00a0\u00bb &#8212; LE METALLEUX GEEK\" src=\"http:\/\/lemetalleuxgeek.com\/index.php\/2020\/10\/28\/mario-kart\/embed\/#?secret=wgAysYi3x1\" data-secret=\"wgAysYi3x1\" width=\"600\" height=\"338\" frameborder=\"0\" marginwidth=\"0\" marginheight=\"0\" scrolling=\"no\"><\/iframe>\n<\/div><\/figure>\n","protected":false},"excerpt":{"rendered":"<p>Le D\u00e9fi des Gamers est une \u00e9mission pr\u00e9sent\u00e9e par Le M\u00e9talleux Geek dans laquelle deux invit\u00e9s de la cha\u00eene Youtube s&#8217;affronte sur un jeu vid\u00e9o\u2026 de fa\u00e7on parfois assez atypique !<\/p>\n","protected":false},"author":1,"featured_media":0,"parent":0,"menu_order":0,"comment_status":"closed","ping_status":"closed","template":"","meta":{"footnotes":""},"class_list":["post-114","page","type-page","status-publish","hentry"],"_links":{"self":[{"href":"https:\/\/lemetalleuxgeek.com\/index.php\/wp-json\/wp\/v2\/pages\/114","targetHints":{"allow":["GET"]}}],"collection":[{"href":"https:\/\/lemetalleuxgeek.com\/index.php\/wp-json\/wp\/v2\/pages"}],"about":[{"href":"https:\/\/lemetalleuxgeek.com\/index.php\/wp-json\/wp\/v2\/types\/page"}],"author":[{"embeddable":true,"href":"https:\/\/lemetalleuxgeek.com\/index.php\/wp-json\/wp\/v2\/users\/1"}],"replies":[{"embeddable":true,"href":"https:\/\/lemetalleuxgeek.com\/index.php\/wp-json\/wp\/v2\/comments?post=114"}],"version-history":[{"count":9,"href":"https:\/\/lemetalleuxgeek.com\/index.php\/wp-json\/wp\/v2\/pages\/114\/revisions"}],"predecessor-version":[{"id":1351,"href":"https:\/\/lemetalleuxgeek.com\/index.php\/wp-json\/wp\/v2\/pages\/114\/revisions\/1351"}],"wp:attachment":[{"href":"https:\/\/lemetalleuxgeek.com\/index.php\/wp-json\/wp\/v2\/media?parent=114"}],"curies":[{"name":"wp","href":"https:\/\/api.w.org\/{rel}","templated":true}]}}